{"id":58,"date":"2014-04-29T14:13:41","date_gmt":"2014-04-29T14:13:41","guid":{"rendered":"http:\/\/dvd-palinovec.hr\/?page_id=58"},"modified":"2025-02-22T14:16:35","modified_gmt":"2025-02-22T14:16:35","slug":"plan-rada","status":"publish","type":"page","link":"https:\/\/dvd-palinovec.hr\/?page_id=58","title":{"rendered":"Plan rada"},"content":{"rendered":"<h2>PLAN I PROGRAM RADA<\/h2>\n<p>&nbsp;<\/p>\n<p>PROGRAM RADA\u00a0\u00a0 DOBROVOLJNOG VATROGASNOG DRU\u0160TVA PALINOVEC ZA 2025. godinu<\/p>\n<ol>\n<li>Izrada projekta za novo vatrogasno spremi\u0161te i prijava na natje\u010daj<\/li>\n<li>Ure\u0111enje vatrogasnih prostorija<\/li>\n<li>Odr\u017eavanje vatrogasne tehnike i opreme u ispravnom stanju, na na\u010din da u svakom trenutku mo\u017ee koristiti za vatrogasne intervencije<\/li>\n<li>U mjesecu svibnju \u2013 mjesecu za\u0161tite od po\u017eara izvr\u0161iti ispitivanje hidrantske mre\u017ee, provoditi preventivne mjere za\u0161tite, te na prigodan na\u010din obilje\u017eiti 4.svibanj dan sv. Florijana<\/li>\n<li>Provoditi preventivne mjere za\u0161tite od po\u017eara<\/li>\n<li>\u0160kolovati i usavr\u0161avati vatrogasne kadrove<\/li>\n<li>Odr\u017eati pokaznu vje\u017ebu<\/li>\n<li>Posjetiti u\u010denike P\u0160 Palinovec<\/li>\n<li>Pripremiti se za natjecanja, OP\u0106INSKO, \u017dUPANIJSKO, DR\u017dAVNO te ostala natjecanja<\/li>\n<li>Odr\u017eati godi\u0161nju Skup\u0161tinu<\/li>\n<li>Obi\u0107i i pregledati doma\u0107instva u Palinovcu<\/li>\n<li>Uklju\u010diti se u vatrogasne manifestacije<\/li>\n<li>Sura\u0111ivati s ostalim udrugama na\u0161eg mjesta i op\u0107ine<\/li>\n<li>Izvr\u0161iti potrebne lije\u010dni\u010dke preglede operativnih \u010dlanova<\/li>\n<\/ol>\n<p>&nbsp;<\/p>\n","protected":false},"excerpt":{"rendered":"<p>PLAN I PROGRAM RADA &nbsp; PROGRAM RADA\u00a0\u00a0 DOBROVOLJNOG VATROGASNOG DRU\u0160TVA PALINOVEC ZA 2025. godinu Izrada projekta za novo vatrogasno spremi\u0161te i prijava na natje\u010daj Ure\u0111enje vatrogasnih prostorija Odr\u017eavanje vatrogasne tehnike i opreme u ispravnom stanju, na na\u010din da u svakom trenutku mo\u017ee koristiti za vatrogasne intervencije U mjesecu svibnju \u2013 mjesecu za\u0161tite od po\u017eara izvr\u0161iti &hellip; <a href=\"https:\/\/dvd-palinovec.hr\/?page_id=58\" class=\"more-link\">Nastavi \u010ditati <span class=\"screen-reader-text\">Plan rada<\/span> <span class=\"meta-nav\">&rarr;<\/span><\/a><\/p>\n","protected":false},"author":2,"featured_media":0,"parent":0,"menu_order":3,"comment_status":"closed","ping_status":"closed","template":"","meta":{"footnotes":""},"_links":{"self":[{"href":"https:\/\/dvd-palinovec.hr\/index.php?rest_route=\/wp\/v2\/pages\/58"}],"collection":[{"href":"https:\/\/dvd-palinovec.hr\/index.php?rest_route=\/wp\/v2\/pages"}],"about":[{"href":"https:\/\/dvd-palinovec.hr\/index.php?rest_route=\/wp\/v2\/types\/page"}],"author":[{"embeddable":true,"href":"https:\/\/dvd-palinovec.hr\/index.php?rest_route=\/wp\/v2\/users\/2"}],"replies":[{"embeddable":true,"href":"https:\/\/dvd-palinovec.hr\/index.php?rest_route=%2Fwp%2Fv2%2Fcomments&post=58"}],"version-history":[{"count":12,"href":"https:\/\/dvd-palinovec.hr\/index.php?rest_route=\/wp\/v2\/pages\/58\/revisions"}],"predecessor-version":[{"id":1081,"href":"https:\/\/dvd-palinovec.hr\/index.php?rest_route=\/wp\/v2\/pages\/58\/revisions\/1081"}],"wp:attachment":[{"href":"https:\/\/dvd-palinovec.hr\/index.php?rest_route=%2Fwp%2Fv2%2Fmedia&parent=58"}],"curies":[{"name":"wp","href":"https:\/\/api.w.org\/{rel}","templated":true}]}}